prime factors of 1151849551.
101, 2659, 4289
List the prime factors of 728935456.
2, 19, 191, 6277
List the prime factors of 2725024838.
2, 167, 8158757
What are the prime factors of 72010013?
1151, 62563
List the prime factors of 154026247.
373, 412939
List the prime factors of 1636438533.
3, 545479511
List the prime factors of 2458473851.
2458473851
List the prime factors of 15350016.
2, 3, 11, 23, 79
What are the prime factors of 217110609?
3, 1187, 20323
What are the prime factors of 102778974?
2, 3, 17, 335879
List the prime factors of 73748669.
17, 829, 5233
What are the prime factors of 75245588?
2, 11, 1117, 1531
What are the prime factors of 2548289101?
19, 479, 280001
List the prime factors of 47761798.
2, 7, 53, 59, 1091
List the prime factors of 758649601.
409, 1854889
What are the prime factors of 188502710?
2, 5, 11, 23, 74507
List the prime factors of 956304254.
2, 41, 71, 83, 1979
List the prime factors of 20557980.
2, 3, 5, 181, 631
What are the prime factors of 352452558?
2, 3, 359, 163627
What are the prime factors of 1740340114?
2, 870170057
What are the prime factors of 202620081?
3, 67540027
List the prime factors of 689271893.
689271893
What are the prime factors of 191190190?
2, 5, 19119019
List the prime factors of 661599928.
2, 11, 683471
List the prime factors of 236557149.
3, 78852383
List the prime factors of 2007618892.
2, 179, 2803937
List the prime factors of 335572193.
11, 30506563
List the prime factors of 1942113735.
3, 5, 5479, 7877
List the prime factors of 638803916.
2, 113, 1413283
List the prime factors of 172860647.
71, 2434657
What are the prime factors of 118432898?
2, 59216449
List the prime factors of 75605086.
2, 17, 2223679
What are the prime factors of 504108507?
3, 7, 24005167
List the prime factors of 2021039927.
8779, 230213
List the prime factors of 52654254.
2, 3, 8775709
What are the prime factors of 5240508075?
3, 5, 11, 29, 73013
List the prime factors of 7847060405.
5, 20947, 74923
What are the prime factors of 115790032?
2, 7236877
What are the prime factors of 295023485?
5, 59004697
What are the prime factors of 401408890?
2, 5, 131, 306419
What are the prime factors of 61286925?
3, 5, 7, 107, 1091
List the prime factors of 86915366.
2, 839, 51797
List the prime factors of 651952881.
3, 8048801
What are the prime factors of 999504362?
2, 1327, 376603
List the prime factors of 2303670992.
2, 7, 43, 211, 2267
List the prime factors of 2198189159.
2198189159
List the prime factors of 171251518.
2, 157, 545387
What are the prime factors of 887709424?
2, 7, 7925977
List the prime factors of 539418226.
2, 269709113
List the prime factors of 39816854.
2, 7, 11, 258551
List the prime factors of 9071696991.
3, 7, 431985571
What are the prime factors of 878203799?
11, 17, 53, 88609
What are the prime factors of 5299350115?
5, 1059870023
What are the prime factors of 179019428?
2, 7, 47, 136033
List the prime factors of 4376636571.
3, 1458878857
What are the prime factors of 67073549?
29, 2312881
What are the prime factors of 781061610?
2, 3, 5, 7, 3719341
What are the prime factors of 164346994?
2, 7, 11739071
List the prime factors of 7684217278.
2, 3842108639
List the prime factors of 1731280008.
2, 3, 72136667
What are the prime factors of 3489532709?
13, 577, 465209
What are the prime factors of 5497294225?
5, 19, 11573251
List the prime factors of 86108830.
2, 5, 29, 263, 1129
What are the prime factors of 167126680?
2, 5, 7, 569, 1049
List the prime factors of 115545127.
107, 1079861
What are the prime factors of 310063149?
3, 11, 3131951
List the prime factors of 5142473066.
2, 2297, 1119389
List the prime factors of 127556785.
5, 19, 31, 43313
List the prime factors of 245795138.
2, 43, 659, 4337
List the prime factors of 150274668.
2, 3, 101, 123989
What are the prime factors of 41449711?
41449711
List the prime factors of 293563448.
2, 67, 677, 809
What are the prime factors of 264409145?
5, 7, 11, 13, 7547
List the prime factors of 461916822.
2, 3, 76986137
List the prime factors of 387828884.
2, 96957221
List the prime factors of 240459302.
2, 2963, 40577
What are the prime factors of 193368492?
2, 3, 103, 17383
What are the prime factors of 371820558?
2, 3, 197, 314569
What are the prime factors of 169203115?
5, 31, 1091633
List the prime factors of 277715800.
2, 5, 23, 60373
List the prime factors of 1788270483.
3, 596090161
List the prime factors of 2466826048.
2, 307, 125551
List the prime factors of 43466847.
3, 41, 353389
List the prime factors of 197057933.
197057933
What are the prime factors of 958801103?
13, 29, 2543239
List the prime factors of 13282017.
3, 7, 23, 107, 257
What are the prime factors of 291836947?
29, 251, 40093
List the prime factors of 134834260.
2, 5, 11, 19, 32257
List the prime factors of 88327036.
2, 7, 17, 97, 1913
What are the prime factors of 252281062?
2, 11, 11467321
List the prime factors of 27201288.
2, 3, 1133387
List the prime factors of 197166402.
2, 3, 1867, 5867
List the prime factors of 168430643.
149, 1130407
List the prime factors of 8168827.
103, 79309
List the prime factors of 221463676.
2, 7, 67, 118051
List the prime factors of 406685702.
2, 59, 1321, 2609
What are the prime factors of 22988374?
2, 11494187
List the prime factors of 41027007.
3, 7, 59, 33113
List the prime factors of 126044098.
2, 1171, 53819
List the prime factors of 19867571.
1301, 15271
List the prime factors of 71548687.
7, 73, 163, 859
What are the prime factors of 1353624436?
2, 338406109
List the prime factors of 78614234.
2, 43, 89, 10271
List the prime factors of 8775337066.
2, 17, 1033, 249853
What are the prime factors of 293743392?
2, 3, 3059827
List the prime factors of 1722126.
2, 3, 7, 131, 313
What are the prime factors of 13871106?
2, 3, 29, 26573
What are the prime factors of 324628344?
2, 3, 1502909
What are the prime factors of 14385498?
2, 3, 59, 40637
What are the prime factors of 432437855?
5, 86487571
List the prime factors of 151482569.
7, 3091481
List the prime factors of 139920203.
2503, 55901
What are the prime factors of 2754990481?
19, 149, 973151
List the prime factors of 1263920777.
7, 17, 37, 287059
List the prime factors of 262518990.
2, 3, 5, 61, 167, 859
What are the prime factors of 120618777?
3, 61, 797, 827
List the prime factors of 8650325115.
3, 5, 71, 2707457
List the prime factors of 462679462.
2, 7, 269, 17551
List the prime factors of 4438390664.
2, 521, 1064873
What are the prime factors of 3479339722?
2, 1739669861
What are the prime factors of 112287389?
337, 333197
List the prime factors of 2253574302.
2, 3, 7, 53656531
List the prime factors of 617595503.
7, 88227929
List the prime factors of 1357724503.
151, 8991553
List the prime factors of 94039883.
7, 929, 14461
List the prime factors of 284842333.
4339, 65647
List the prime factors of 129987930.
2, 3, 5, 19, 228049
What are the prime factors of 826684684?
2, 7, 4217779
List the prime factors of 58886960.
2, 5, 11, 61, 1097
What are the prime factors of 161119577?
23, 7005199
List the prime factors of 1573956964.
2, 167, 1129, 2087
What are the prime factors of 64542134?
2, 37, 683, 1277
List the prime factors of 1792061298.
2, 3, 2713, 36697
List the prime factors of 6258715025.
5, 250348601
List the prime factors of 620333570.
2, 5, 17, 67, 107, 509
List the prime factors of 24770681.
13, 1905437
List the prime factors of 14129930.
2, 5, 37, 38189
List the prime factors of 260040657.
3, 86680219
What are the prime factors of 864108966?
2, 3, 7, 113, 163, 1117
List the prime factors of 20572267.
20572267
List the prime factors of 14107747.
19, 742513
List the prime factors of 42943700.
2, 5, 17, 25261
What are the prime factors of 100702530?
2, 3, 5, 37, 30241
List the prime factors of 13426201.
13426201
What are the prime factors of 306684608?
2, 4791947
What are the prime factors of 175388511?
3, 673, 86869
What are the prime factors of 1217705980?
2, 5, 271, 224669
What are the prime factors of 43737906?
2, 3, 17, 227, 1889
List the prime factors of 505765155.
3, 5, 7, 31, 155381
What are the prime factors of 48423?
3, 16141
List the prime factors of 103344585.
3, 5, 6889639
What are the prime factors of 208813688?
2, 23, 29, 39133
What are the prime fac